prime factors of 12378928.
2, 773683
List the prime factors of 84835.
5, 19, 47
What are the prime factors of 15404?
2, 3851
What are the prime factors of 9297843?
3, 53, 58477
List the prime factors of 158332.
2, 23, 1721
What are the prime factors of 176568?
2, 3, 7, 1051
What are the prime factors of 506088?
2, 3, 11, 71
What are the prime factors of 52201?
52201
What are the prime factors of 303750?
2, 3, 5
List the prime factors of 391402.
2, 11, 17791
List the prime factors of 33715056.
2, 3, 23, 30539
What are the prime factors of 26523103?
26523103
List the prime factors of 316836.
2, 3, 13, 677
List the prime factors of 7238098.
2, 7, 83, 6229
List the prime factors of 4017572.
2, 13, 77261
What are the prime factors of 4181325?
3, 5, 197, 283
What are the prime factors of 20351?
47, 433
What are the prime factors of 1470434?
2, 7, 105031
List the prime factors of 2691928.
2, 336491
List the prime factors of 1679577.
3, 559859
What are the prime factors of 1056407?
11, 137, 701
List the prime factors of 193992.
2, 3, 59, 137
What are the prime factors of 8650517?
8650517
What are the prime factors of 317080?
2, 5, 7927
List the prime factors of 20005342.
2, 7, 1428953
What are the prime factors of 1110801?
3, 479, 773
List the prime factors of 2556702.
2, 3, 142039
What are the prime factors of 397673?
397673
List the prime factors of 8445647.
7, 109, 11069
What are the prime factors of 208678?
2, 103, 1013
What are the prime factors of 443569?
7, 63367
List the prime factors of 13445.
5, 2689
What are the prime factors of 1619877?
3, 7, 77137
List the prime factors of 15262803.
3, 565289
List the prime factors of 53455.
5, 10691
What are the prime factors of 280312?
2, 37, 947
What are the prime factors of 4464151?
89, 50159
What are the prime factors of 10000111?
11, 101, 9001
List the prime factors of 1085974.
2, 542987
List the prime factors of 3314386.
2, 37, 44789
List the prime factors of 636505.
5, 127301
List the prime factors of 2134578.
2, 3, 355763
List the prime factors of 3447813.
3, 41, 28031
List the prime factors of 162280.
2, 5, 4057
What are the prime factors of 7441141?
19, 391639
What are the prime factors of 389440?
2, 5, 1217
List the prime factors of 269479.
7, 137, 281
List the prime factors of 498480.
2, 3, 5, 31, 67
What are the prime factors of 21854420?
2, 5, 7, 37, 4219
What are the prime factors of 18548525?
5, 741941
List the prime factors of 67955.
5, 13591
What are the prime factors of 394283?
47, 8389
What are the prime factors of 224591?
224591
What are the prime factors of 1674148?
2, 7, 59791
List the prime factors of 46566.
2, 3, 13, 199
What are the prime factors of 1348206?
2, 3, 37, 6073
List the prime factors of 4254536.
2, 11, 13, 3719
List the prime factors of 362692.
2, 11, 8243
List the prime factors of 703195.
5, 140639
What are the prime factors of 176020?
2, 5, 13, 677
What are the prime factors of 8898010?
2, 5, 11, 23, 3517
What are the prime factors of 136724?
2, 7, 19, 257
List the prime factors of 7648429.
73, 104773
List the prime factors of 501826.
2, 13, 19301
What are the prime factors of 3644202?
2, 3, 491, 1237
List the prime factors of 118593.
3, 13177
What are the prime factors of 42772?
2, 17, 37
What are the prime factors of 4137637?
7, 591091
List the prime factors of 2505385.
5, 501077
What are the prime factors of 17420969?
37, 470837
What are the prime factors of 518315?
5, 7, 59, 251
What are the prime factors of 11417989?
11, 971, 1069
What are the prime factors of 11104844?
2, 1129, 2459
List the prime factors of 2466912.
2, 3, 7, 3671
What are the prime factors of 12447014?
2, 19, 327553
List the prime factors of 6748181.
11, 613471
What are the prime factors of 136362?
2, 3, 22727
What are the prime factors of 1341680?
2, 5, 31, 541
List the prime factors of 2636034.
2, 3, 439339
What are the prime factors of 2999808?
2, 3, 7, 31
What are the prime factors of 2523116?
2, 29, 21751
List the prime factors of 7819353.
3, 868817
What are the prime factors of 31671?
3, 17, 23
List the prime factors of 5446770.
2, 3, 5, 7, 37, 701
What are the prime factors of 842404?
2, 210601
What are the prime factors of 17740?
2, 5, 887
List the prime factors of 180926.
2, 61, 1483
What are the prime factors of 165232?
2, 23, 449
What are the prime factors of 2206330?
2, 5, 7, 43, 733
What are the prime factors of 1918530?
2, 3, 5, 21317
List the prime factors of 4182287.
41, 83, 1229
List the prime factors of 182910.
2, 3, 5, 7, 13, 67
List the prime factors of 3174283.
7, 113, 4013
List the prime factors of 344947.
17, 103, 197
What are the prime factors of 8964926?
2, 61, 73483
What are the prime factors of 321967?
397, 811
What are the prime factors of 352543?
352543
List the prime factors of 1117093.
61, 18313
List the prime factors of 2992178.
2, 7, 213727
What are the prime factors of 2690260?
2, 5, 134513
What are the prime factors of 5133928?
2, 29, 22129
What are the prime factors of 12486495?
3, 5, 7, 109, 1091
List the prime factors of 190674.
2, 3, 11, 107
List the prime factors of 1645893.
3, 47, 1297
What are the prime factors of 73289?
83, 883
List the prime factors of 230738.
2, 43, 2683
List the prime factors of 3413309.
3413309
What are the prime factors of 444224?
2, 11, 631
List the prime factors of 1360563.
3, 43, 53, 199
List the prime factors of 10660908.
2, 3, 888409
List the prime factors of 9062096.
2, 487, 1163
What are the prime factors of 1301497?
1301497
List the prime factors of 8679651.
3, 53, 79, 691
List the prime factors of 218830.
2, 5, 79, 277
List the prime factors of 172948.
2, 43237
List the prime factors of 6087965.
5, 13, 229, 409
What are the prime factors of 451087?
7, 13, 4957
List the prime factors of 18575311.
18575311
What are the prime factors of 5306195?
5, 197, 5387
What are the prime factors of 1081114?
2, 540557
List the prime factors of 1778242.
2, 727, 1223
List the prime factors of 4047954.
2, 3, 23, 29333
List the prime factors of 12033258.
2, 3, 137, 14639
List the prime factors of 3291435.
3, 5, 7, 43
List the prime factors of 111021.
3, 23, 1609
What are the prime factors of 3214511?
113, 28447
List the prime factors of 187432.
2, 7, 3347
List the prime factors of 4216346.
2, 101, 20873
What are the prime factors of 584538?
2, 3, 97423
List the prime factors of 1643201.
7, 234743
What are the prime factors of 21620466?
2, 3, 7, 8171
List the prime factors of 4159983.
3, 31, 41, 1091
What are the prime factors of 951193?
951193
What are the prime factors of 200610?
2, 3, 5, 743
What are the prime factors of 2255514?
2, 3, 293, 1283
List the prime factors of 13209754.
2, 6604877
What are the prime factors of 796741?
11, 72431
What are the prime factors of 232910?
2, 5, 23291
List the prime factors of 4047203.
43, 94121
What are the prime factors of 370771?
101, 3671
What are the prime factors of 17437564?
2, 47, 92753
What are the prime factors of 13807634?
2, 2251, 3067
What are the prime factors of 276945?
3, 5, 37, 499
What are the prime factors of 1110730?
2, 5, 31, 3583
What are the prime factors of 1536957?
3, 170773
List the prime factors of 1387761.
3, 17, 27211
What are the prime factors of 787039?
11, 71549
List the prime factors of 1650342.
2, 3, 23, 11959
What are the prime factors of 533272?
2, 191, 349
What are the prime factors of 233440?
2, 5, 1459
What are the prime factors of 2296298?
2, 613, 1873
List the prime factors of 12526906.
2, 7, 894779
List the prime factors of 432638.
2, 216319
What are the prime factors of 1936747?
1936747
What are the prime factors of 510890?
2, 5, 47, 1087
List the prime factors of 407987.
19, 109, 197
What are the prime factors of 112177?
13, 8629
List the prime factors of 91633.
43, 2131
What are the prime factors of 9393108?
2, 3, 23, 34033
What are the prime factors of 22417168?
2, 59, 23747
List the prime factors of 2619590.
2, 5, 261959
What are the prime factors of 216461?
7, 17, 107
List the prime factors of 3504045.
3, 5, 79, 2957
What are the prime factors of 9802247?
7, 13, 107717
What are the prime factors of 956382?
2, 3, 7, 3253
List the prime factors of 7371357.
3, 7, 173, 2029
What are the prime factors of 1418326?
2, 7, 13, 7793
What are the prime facto